on factor of 102 and 51.
51
What is the highest common factor of 153 and 68?
17
What is the highest common factor of 21 and 651?
21
What is the greatest common factor of 114 and 1254?
114
Calculate the highest common factor of 126 and 91.
7
What is the highest common factor of 279 and 369?
9
Calculate the greatest common factor of 132 and 121.
11
What is the highest common divisor of 1705 and 77?
11
What is the greatest common divisor of 3040 and 800?
160
What is the highest common factor of 35 and 665?
35
Calculate the greatest common divisor of 130 and 80.
10
What is the highest common factor of 10 and 18?
2
What is the greatest common factor of 42 and 24?
6
What is the greatest common factor of 58 and 1943?
29
Calculate the greatest common factor of 12 and 404.
4
Calculate the greatest common factor of 65 and 55.
5
What is the greatest common factor of 3240 and 40?
40
Calculate the greatest common divisor of 22 and 1199.
11
What is the greatest common divisor of 506 and 92?
46
What is the highest common factor of 224 and 2656?
32
What is the highest common factor of 114 and 14174?
38
What is the greatest common factor of 23694 and 12?
6
Calculate the greatest common divisor of 3655 and 170.
85
Calculate the highest common factor of 34 and 2567.
17
What is the highest common factor of 351 and 26?
13
Calculate the highest common factor of 1410 and 376.
94
Calculate the greatest common divisor of 5402 and 296.
74
What is the greatest common factor of 9 and 1467?
9
What is the highest common factor of 10767 and 111?
111
What is the greatest common factor of 44 and 99?
11
Calculate the highest common factor of 35 and 28.
7
Calculate the greatest common divisor of 12 and 2946.
6
Calculate the greatest common divisor of 8841 and 21.
21
What is the highest common divisor of 47 and 235?
47
Calculate the highest common divisor of 12 and 4764.
12
What is the highest common factor of 154 and 418?
22
Calculate the highest common factor of 3500 and 25.
25
Calculate the highest common factor of 356 and 8.
4
What is the highest common divisor of 180 and 9630?
90
What is the greatest common divisor of 15 and 4170?
15
Calculate the greatest common divisor of 51 and 369.
3
Calculate the highest common divisor of 474 and 1185.
237
Calculate the greatest common factor of 53 and 159.
53
What is the highest common divisor of 117 and 52?
13
Calculate the greatest common factor of 90 and 252.
18
Calculate the highest common factor of 372 and 1152.
12
Calculate the highest common divisor of 195 and 65.
65
Calculate the greatest common factor of 25 and 10.
5
What is the highest common divisor of 486 and 108?
54
What is the highest common divisor of 5440 and 400?
80
Calculate the highest common factor of 913 and 11.
11
Calculate the highest common divisor of 69 and 644.
23
Calculate the highest common factor of 57 and 323.
19
Calculate the highest common divisor of 48 and 92.
4
Calculate the highest common divisor of 425 and 765.
85
Calculate the greatest common divisor of 1092 and 168.
84
Calculate the highest common divisor of 12 and 15426.
6
What is the greatest common factor of 126 and 126?
126
What is the highest common divisor of 1136 and 16?
16
What is the highest common divisor of 564 and 8?
4
Calculate the highest common factor of 8047 and 26.
13
What is the highest common divisor of 7 and 1267?
7
What is the highest common divisor of 3808 and 629?
17
Calculate the greatest common divisor of 329 and 47.
47
Calculate the highest common divisor of 33 and 87.
3
What is the highest common divisor of 208 and 1573?
13
Calculate the highest common divisor of 212 and 4.
4
Calculate the highest common factor of 56 and 49.
7
What is the highest common divisor of 294 and 6?
6
What is the highest common divisor of 808 and 7070?
202
Calculate the greatest common divisor of 308 and 56.
28
What is the highest common factor of 21 and 273?
21
Calculate the highest common factor of 42 and 21.
21
Calculate the greatest common factor of 120 and 15.
15
What is the highest common factor of 40 and 56?
8
What is the greatest common divisor of 130 and 830?
10
What is the greatest common divisor of 30 and 320?
10
What is the highest common factor of 8 and 196?
4
What is the greatest common factor of 156 and 195?
39
Calculate the highest common factor of 34 and 2363.
17
Calculate the greatest common factor of 222 and 22089.
111
What is the greatest common factor of 328 and 246?
82
What is the greatest common factor of 980 and 2240?
140
What is the highest common divisor of 330 and 726?
66
What is the highest common factor of 1533 and 21?
21
What is the highest common divisor of 39 and 78?
39
What is the highest common factor of 670 and 280?
10
Calculate the greatest common factor of 37616 and 64.
16
What is the greatest common factor of 31 and 31?
31
Calculate the greatest common factor of 128 and 8.
8
What is the highest common divisor of 24 and 1536?
24
Calculate the highest common divisor of 198 and 132.
66
Calculate the highest common divisor of 1617 and 21.
21
Calculate the highest common factor of 80 and 10300.
20
Calculate the highest common divisor of 644 and 460.
92
Calculate the highest common divisor of 721 and 309.
103
What is the greatest common divisor of 9 and 441?
9
Calculate the greatest common divisor of 1272 and 72.
24
Calculate the greatest common divisor of 182 and 1106.
14
Calculate the greatest common factor of 27 and 168.
3
What is the highest common factor of 1016 and 20?
4
Calculate the greatest common factor of 30 and 75.
15
Calculate the highest common divisor of 364 and 520.
52
What is the highest common factor of 236 and 2950?
118
Calculate the highest common factor of 1541 and 201.
67
What is the greatest common factor of 1581 and 93?
93
What is the highest common factor of 4559 and 94?
47
What is the greatest common divisor of 2724 and 12?
12
What is the greatest common divisor of 741 and 342?
57
What is the greatest common factor of 9 and 36?
9
What is the highest common factor of 1 and 25?
1
What is the greatest common factor of 39 and 207?
3
Calculate the highest common divisor of 160 and 80.
80
What is the highest common factor of 2301 and 1443?
39
Calculate the highest common factor of 2 and 7.
1
What is the greatest common divisor of 96 and 10784?
32
What is the highest common factor of 632 and 1738?
158
Calculate the greatest common factor of 2112 and 384.
192
Calculate the highest common divisor of 864 and 8.
8
What is the greatest common divisor of 10188 and 24?
12
What is the greatest common factor of 36 and 603?
9
What is the greatest common factor of 11550 and 98?
14
What is the greatest common divisor of 901 and 17?
17
Calculate the highest common factor of 52 and 5070.
26
Calculate the highest common factor of 435 and 1653.
87
What is the greatest common divisor of 115 and 46?
23
Calculate the greatest common divisor of 133 and 513.
19
Calculate the greatest common factor of 2928 and 854.
122
Calculate the highest common divisor of 1031 and 1.
1
What is the greatest common factor of 3 and 24?
3
What is the greatest common divisor of 216 and 3204?
36
Calculate the greatest common factor of 21 and 6.
3
Calculate the greatest common divisor of 257 and 56540.
257
What is the greatest common divisor of 345 and 165?
15
Calculate the greatest common divisor of 5390 and 210.
70
Calculate the highest common divisor of 32 and 4156.
4
Calculate the greatest common factor of 34 and 1173.
17
Calculate the highest common divisor of 5194 and 490.
98
What is the highest common factor of 15397 and 1211?
173
Calculate the greatest common factor of 6534 and 270.
54
Calculate the greatest common divisor of 76 and 2204.
76
What is the highest common divisor of 3952 and 760?
152
Calculate the highest common factor of 20 and 230.
10
Calculate the greatest common factor of 48 and 1488.
48
What is the greatest common divisor of 384 and 15872?
128
What is the greatest common factor of 13 and 3679?
13
What is the highest common divisor of 196 and 1078?
98
What is the greatest common factor of 1875 and 15?
15
Calculate the highest common factor of 65 and 585.
65
What is the highest common divisor of 24 and 64?
8
What is the greatest common factor of 198 and 54?
1